)/(-30)). Let b = o + 51. Suppose 0 = -b*q + 12*q - 610. What is the hundreds digit of q?
1
Suppose -3*d = -924 - 306. Let p = -23 + d. Let l = p + -265. What is the tens digit of l?
2
What is the thousands digit of (4*-3443)/(-11)*69/12?
7
Let n = 750 + -1051. Let w be -431 - 3/(-3) - (10 + 6 - 11). Let a = n - w. What is the hundreds digit of a?
1
Suppose -2*i = -4*f + 6, -3*i - 4*f + 24 = f. Suppose 2*t + 4*l + l = 20, -3*l = -4*t - 12. Suppose i*u - 136 + 4 = t. What is the units digit of u?
4
Suppose -34*t - 96 = -2*t. What is the hundreds digit of 4/(14776/4920 + t)?
2
Let n(r) = -r**3 - 16*r**2 - 22*r - 17. Let j(p) = -3*p**3 - 49*p**2 - 68*p - 50. Let d(w) = -4*j(w) + 11*n(w). What is the units digit of d(-15)?
8
Let w(q) = -3003 + 6019 - 2991 + 5*q**2 - 27*q. What is the tens digit of w(13)?
1
Suppose -i + 34937 = -2*o + 7492, 3*o + 109795 = 4*i. What is the hundreds digit of i?
4
Let u = 24 + -38. Let q = u - -19. Let k(x) = 2*x - 1. What is the units digit of k(q)?
9
Suppose -32986 = -3*k - 5*i, 4*k - 6*i + i - 43958 = 0. What is the units digit of k?
2
Let h = -10456 + 15735. What is the tens digit of h?
7
Suppose 4*f = d - 270, -2*d + 473 = -3*f - 87. Let u = d - -102. What is the units digit of u?
8
Let o be (-22)/4*((-6)/(-3))/(-1). Suppose 0 = 5*a - 9 - o, -38 = -2*r - 5*a. Suppose 0 = -2*x - x + 12, 0 = c - 3*x - r. What is the tens digit of c?
2
Suppose -459*x = -461*x - g + 20673, -5*g = x - 10350. What is the tens digit of x?
3
Let y(s) = s + 272. Let a be y(0). Let z = -176 + a. Suppose 6*i - z = 438. What is the units digit of i?
9
Let c(i) = -i**2 + 598. Let h(b) = -b**2 - 12*b - 32. Let t be h(-8). What is the units digit of c(t)?
8
Let p(x) = -246*x**3 + 12*x**2 + 6*x - 18. What is the units digit of p(-4)?
4
Let i(a) = 4*a + 9. Suppose 5 = -2*s - 1. Let p be i(s). What is the units digit of 10/30 + 2 + 4/p?
1
Suppose -1441*h = -1446*h - 780. Let d(r) = -4*r**3 + r**2 - 3*r + 3. Let p be d(3). Let s = p - h. What is the tens digit of s?
5
Let d(o) = -o**2 - 7*o - 4. Let x be d(-8). Let z = x - -17. Suppose z*f = -4*j + f + 400, -5*f - 427 = -4*j. What is the hundreds digit of j?
1
Let r(b) be the first derivative of 13*b**3/3 + 3*b**2 + 19*b - 98. What is the tens digit of r(-3)?
1
Suppose 6*f = -14*f + 11100. Suppose 0 = 4*j - 12, -f = -4*i - 4*j - j. What is the tens digit of i?
3
Let f(i) = 2*i**3 - i**2 + 54. Let o be f(0). Suppose u + 59*q - 1174 = o*q, 4*q = 5*u - 6015. What is the units digit of u?
9
Suppose -25*y = -21 + 121. What is the tens digit of (86/y)/(15/(-90))?
2
Suppose -3*z + 1609 = -0*b + b, 0 = 5*z - 5*b - 2675. Suppose 0 = 4*q - 2*d - z, d + 4 = 2. What is the hundreds digit of q?
1
Let v = 3081 - -9589. What is the tens digit of v?
7
Let w(l) = 188*l - 80. Let p(i) = 187*i - 79. Let v(f) = 5*p(f) - 4*w(f). What is the units digit of v(3)?
4
Let u(v) = -v**2 - 12*v - 27. Let a be u(-8). Suppose -2*n + 1 = -a. Suppose 5*j - 15 = -n*f + 374, 5*f = -4*j + 644. What is the tens digit of f?
2
Suppose -8*z + 5*z + 140 = p, 142 = 3*z + 2*p. What is the units digit of 2/23 - (-3170)/z?
9
Suppose -5*q = v - 4*v - 49, 3*q - 7 = -v. Suppose 0*o = -3*o - 174. Let b = v - o. What is the tens digit of b?
5
What is the ten thousands digit of 214344/13 - (27/3 + -2)?
1
Let d(t) = 3*t**2 - 2. Let n be d(3). Let h = n - -47. What is the units digit of h?
2
Let w be 82/(-7) - (-4)/(-14). Let g(p) be the second derivative of -p**5/20 - 13*p**4/12 - 5*p**3/2 + 17*p**2/2 + 54*p. What is the units digit of g(w)?
3
Suppose 0 = 547*x - 523*x - 244752. What is the tens digit of x?
9
Suppose 28*x + 37502 = 45*x - 32997. What is the hundreds digit of x?
1
Let w(n) = -5*n**2 + 6*n - 68. Let c(s) = 15*s**2 - 17*s + 203. Let b(i) = -2*c(i) - 7*w(i). What is the units digit of b(7)?
9
Suppose 67453 = 4*u - w, 35*u + 4*w - 16859 = 34*u. What is the thousands digit of u?
6
Suppose -30*c = -26*c - 28. Suppose -22 = -f - 3*q - c, 5*q - 20 = 0. Suppose -2*i + f*m + 53 = -10, m = -i + 34. What is the tens digit of i?
3
Suppose 5*u + 15*u = -13480. What is the tens digit of (4/(-16))/1 + u/(-8)?
8
Let g = -535 + 543. What is the hundreds digit of (-5)/g*10*-148?
9
Let n(y) = 3396*y**2 + 223*y - 649. What is the hundreds digit of n(3)?
5
Let r(s) = 90*s + 2189. What is the units digit of r(-22)?
9
Let u = -259 - -255. What is the tens digit of 7*6/84 - 4754/u?
8
What is the units digit of (-8)/52 + (-160747)/(-13)?
5
Suppose 0 = 2*m - 6*b + 3*b - 2, 2*m - 4*b = 0. Let y(i) = -135 - m*i - 117 + 272. What is the tens digit of y(-5)?
4
Suppose 0 = -3*f + 4*f - 1, -5*x = -3*f + 163. What is the thousands digit of x/8 - -1*1005?
1
Suppose -31310 - 20506 = -6*b. What is the tens digit of b?
3
Suppose 0 = -233*c + 236*c - 6927. What is the tens digit of c?
0
Suppose 0 = -2*y + 28 - 24. Suppose 0 = 4*x - y*x - 1856. What is the hundreds digit of x?
9
Let h = -346 - -359. Suppose -625 = -3*w + 4*v, 0 = 4*w - h*v + 17*v - 852. What is the tens digit of w?
1
Suppose 0 = 55*a - 52*a + 2*f - 13759, -2*f - 18336 = -4*a. What is the thousands digit of a?
4
Let m(k) = -51*k**2 + 10*k - 5. Let d(r) = -50*r**2 + 10*r - 6. Let u(n) = -3*d(n) + 2*m(n). What is the tens digit of u(3)?
1
Suppose 4*c - 326 = 246. Let o(u) = -3*u**2 + 8*u + 55. Let j be o(-3). Suppose -q - 2*x + c = 3*x, -j*x + 374 = 3*q. What is the hundreds digit of q?
1
Suppose -5*r = -4*n - 6023, -8*r + 3*n = -n - 9632. Let i = 2654 - r. What is the units digit of i?
1
Let b = 1486 - 220. Suppose -92*m = -98*m + b. What is the tens digit of m?
1
Suppose 9791 = 5*x - 2*p, 0 = -5*x + 37*p - 41*p + 9773. What is the units digit of x?
7
Let r(g) = 13*g + 108. Let w be r(-7). Suppose -1561 - 3199 = -w*d. What is the hundreds digit of d?
2
Let c(b) = -41*b**3 + 3*b**2 - 2*b - 4. Let z be c(-3). Suppose 0 = 6*v + 2*v - z. Suppose 0 = -4*f + 2*f + v. What is the tens digit of f?
7
Suppose g + 42 = 988. Suppose -3*y + g = 5*r - 10*r, y + 4*r - 287 = 0. What is the hundreds digit of y?
3
Let z be (-9)/(27/(-2)) - (-740)/(-30). What is the hundreds digit of (-14025)/z + 36/(-96)?
5
What is the units digit of (-172387)/(-43) - (0 + 1 - -7)?
1
Let h = 693 - 693. Suppose 19*z - 6*z - 9698 = h. What is the units digit of z?
6
Let c = 2243 - -2986. What is the units digit of c?
9
Suppose -4*c + 3*t = -t - 20, 0 = 4*c + 5*t - 11. Let a be (c/10)/((-21)/(-210)). Suppose a*k = -2*y + 236, -5*k + 295 = -0*y + y. What is the units digit of k?
9
Suppose 15*l - 92370 = -0*l. What is the units digit of l?
8
What is the thousands digit of (-2 + 86)*(80920/1232 + 4/(-22))?
5
Suppose 12*k = 3*k + 36. Suppose 0 = -2*o - 2*j - 4, 0*o + 5*j + k = -2*o. What is the units digit of ((-84)/o)/(2/(96/18))?
2
What is the tens digit of 78/(-39)*20883/(-2)?
8
Suppose t = -2, -4*a = -3*a + 5*t + 1. Suppose k - 218 = -a. Let o = k + -80. What is the tens digit of o?
2
Suppose h = w - 0*h - 12113, -h = 3. What is the hundreds digit of w?
1
Let l(p) = 4*p**2 - 4*p - 16. Let x(w) = -13*w**2 + 12*w + 48. Let r(d) = -7*l(d) - 2*x(d). Let j be r(-7). Let n = j + 221. What is the hundreds digit of n?
1
Suppose 0 = 77*t - 51*t - 340860. What is the thousands digit of t?
3
What is the ten thousands digit of (-14 - (-18032 + 15)) + -13?
1
Let i be ((-2)/4)/(8/(-176)). Let l(v) = 2*v**2 - 5*v + 32. Let j be l(i). Let f = j + -121. What is the tens digit of f?
9
Suppose -1274180 - 65770 = -30*q. What is the thousands digit of q?
4
Suppose 1280 = 5*c + a - 731, 2*a - 1215 = -3*c. What is the tens digit of c?
0
Suppose l = m + 6*l - 941, 0 = 5*m - 3*l - 4593. Let u = m - 506. Suppose 6*c = c + u. What is the tens digit of c?
8
Let s(o) = -2*o + 7. Let y be s(2). Suppose u + 8 = y*u. Suppose 0 = u*w - w - 180. What is the tens digit of w?
6
Let l = 31 - 9. Let b = 53 - l. Let k = b - -41. What is the units digit of k?
2
What is the thousands digit of 7587 + (-104)/91*(2 + 22/(-4))?
7
Suppose -n = 4*x - 32382, 0 = x - 4*n - 5157 - 2947. What is the tens digit of x?
9
Let w be ((-90)/20)/((-2)/4). Let g(s) = s**3 - 5*s**2 + 7*s + 5. What is the tens digit of g(w)?
9
Suppose 11*d = 2*d + 288. What is the hundreds digit of ((-1062)/(-4))/(-4*(-4)/d)?
5
Let n = -124 + -520. Let a be (-3)/5 - n/115. Suppose 905 = a*h - 5*l, 3*l + 117 + 250 = 2*